e -6680 = 4*u + l, 3*u - 2*l - 2*l = -5010. Let a be ((-1)/2)/(5/u) - 5. Calculate the highest common divisor of 27 and a.
27
Suppose 23 = -3*t + 155. Suppose -119 = -3*s - t. Calculate the greatest common divisor of s and 725.
25
Let x = -896 - -909. Suppose -v = 2*j - 201, -j + 75 = -2*v - x. Calculate the greatest common factor of j and 294.
98
Let b be (-10)/80 + 97/8. Let v be 3 + b/(-4) + 6. Let j be -2 - v/(-2)*32/3. Calculate the highest common factor of 240 and j.
30
Suppose -510 - 66 = -6*l - d, 5*l - d = 469. Calculate the highest common factor of 20 and l.
5
Let c be 2/8 - (-447)/4. Let m be 599241/84104 + (2/(-24))/((-2)/(-3)). What is the highest common factor of m and c?
7
Suppose i + i = 280. Suppose z + 27*n = 31*n + 52, 0 = 3*z - 5*n - 163. What is the greatest common factor of i and z?
28
Suppose 417*n - 20853 = 86*n. Let c be 2/7 - (-584)/14. What is the greatest common divisor of n and c?
21
Let o(c) = -15 - 10*c - 8*c - 15*c. Suppose 1006*k - 990*k + 48 = 0. Let n be o(k). What is the greatest common factor of 210 and n?
42
Suppose 215*j = 225*j - 46160. What is the greatest common divisor of 8 and j?
8
Let v = -8 - -12. Suppose w - 3 = -0*w + 3*t, w + 7 = 5*t. Suppose -w = -b + 5*o, 5*b - v*o - 46 = -o. What is the highest common divisor of b and 16?
8
Suppose -h + 6 = 2*p, 0 = -2*h + 4*p - 0*p + 4. Suppose 5*y = -0*y + 20, h*d - 2*y - 192 = 0. Let b = 57 - d. Calculate the greatest common divisor of 21 and b.
7
Suppose -l = 2*l - 2*f - 17, 5*f - 17 = -l. Let s(t) = 7*t - 53. Let w be s(l). Let z be 54/w*(-7 + -14 - -1). What is the greatest common factor of 30 and z?
30
Let x be (-7)/((-7)/30)*9/15. Suppose -3*v = 11 - 47. Calculate the highest common divisor of v and x.
6
Let b be (27/5)/((12/135)/((-168)/(-18))). Calculate the highest common divisor of b and 49.
7
Let m(d) = d**3 - d + 9. Let b be m(0). Let g = b + 36. What is the highest common divisor of g and 1?
1
Let r be 2 + 3 + -4 - -39. Let d be -4*(-3)/42 - 69424/(-56). What is the greatest common factor of d and r?
40
Suppose -3*m - 8 = 1, 0 = y + 4*m - 226. Let s = y - 224. What is the greatest common divisor of 854 and s?
14
Let i be 165/9 - 5/15. Suppose 0 = 4*o - 5*m - 394, -4*m + 376 = -14*o + i*o. What is the highest common divisor of o and 24?
24
Suppose -a - 70 = -6*a. Let s(h) = -49*h**2 - 113*h + 3. Let v be s(-2). Suppose -v = 13*b - a*b. What is the highest common factor of b and 3?
3
Suppose -2*m + 383 = 4*n - 525, 4*m - 1827 = 3*n. Suppose -6*k + 444 + m = 0. Let u be 8/10*255/34. Calculate the greatest common factor of u and k.
6
Let k be 168/(-16) - (-1)/(-2). Let g be (-25)/(-6) + k/66. Suppose v = -x + 4, -g*x - 17 = -5. What is the greatest common divisor of 1 and v?
1
Let z(h) = 165*h + 2709. Let q be z(-11). Calculate the highest common divisor of q and 12.
6
Let s(x) = x**2 + 6*x + 945. Let l be s(0). Let t be (0 + (-1 - -2))/(9/l). What is the highest common factor of t and 45?
15
Let m be 10 - (-15)/((-30)/(-16)). Suppose 3*i = 3, 4*p - 266 - 125 = 5*i. What is the highest common factor of p and m?
9
Let r = 52 + -10. Let c be 0/((-15)/(-5)) + (-73)/(-1). Suppose -2688 = 65*h - c*h. What is the greatest common divisor of r and h?
42
Suppose 2*f - 16 = 8. Let y = f + 5. Let l(i) = 6*i**2 - 3. Let d be l(3). Calculate the highest common divisor of y and d.
17
Suppose 57*n - 120*n + 7013 = -2059. What is the highest common divisor of 112 and n?
16
Suppose -5*r = -4*z - 124, -4*z - 104 = -3*r - 9*z. Suppose 0 = r*n - 270 - 346. Calculate the greatest common factor of n and 506.
22
Suppose 220*p = 186*p + 58446. Calculate the greatest common factor of 9 and p.
9
Let g(m) = m**3 - m**2 + m + 16. Let b be g(0). Let q = -334 - -182. Let z = q - -200. What is the highest common divisor of b and z?
16
Suppose -4*y + 7689 = 136*a - 131*a, y - 1932 = 2*a. Calculate the highest common factor of y and 54.
18
Suppose 14*h - 5*b + 46215 = 19*h, h - 9285 = 5*b. Calculate the highest common divisor of h and 20.
10
Suppose -10372 = -4*b + 42*n - 38*n, -5*b - n + 12977 = 0. What is the greatest common factor of 9 and b?
3
Suppose -3936 = -5*f - 5*k + 1339, k + 4265 = 4*f. Calculate the highest common divisor of 44 and f.
4
Let b(w) = -w**3 - 25*w**2 - 43*w - 15. Let p be b(-23). Let q = p - -112. Let t be 2 - ((-1)/(-1) - 20). Calculate the highest common divisor of q and t.
7
Let s(m) = 11*m**2 - 23*m - 98. Let c be s(-4). Suppose -108*w - 120 = -112*w. Calculate the greatest common factor of c and w.
10
Suppose 4*x + 5*a = 66548, -13 = -2*a - 21. What is the highest common factor of x and 314?
314
Suppose d = 561 - 425. Let y = 17 - 2. Let h(q) = -q + 32. Let u be h(y). Calculate the greatest common divisor of u and d.
17
Let i be (920/(-69) - -10)/(3/(-216)). Calculate the greatest common factor of i and 30.
30
Suppose 114 = 2*c - 3*v, -v + 3*v = 3*c - 171. Let p = 15 + c. Suppose 3*u - 20 - 27 = 5*m, u - 2*m - 14 = 0. Calculate the highest common factor of p and u.
24
Suppose m - 960 = -4*r + 3*m, -4*m + 720 = 3*r. Let q(a) = 20*a + 151. Let k be q(-17). Let n = k - -213. What is the greatest common divisor of r and n?
24
Let h(o) = -67*o**2 - 7*o - 1. Let y be h(1). Let m = -69 - y. What is the greatest common factor of m and 150?
6
Let b = 208 + -203. Suppose 2*o - b*o = -132. What is the highest common divisor of 88 and o?
44
Let t be ((-503)/3)/((-1)/(-3)). Let r be -1 - t - (11 - 10). Let z = 741 - r. What is the highest common factor of 30 and z?
30
Let s = 192 + 155. Let y = -259 + s. Calculate the greatest common factor of 22 and y.
22
Suppose -3*o + 2 = 2. Suppose o*a = -3*a + 6. What is the greatest common factor of a and 38?
2
Let x(u) = 75*u**3 + 31*u**2 + 14*u - 3. Let d be x(7). What is the highest common factor of 39 and d?
39
Let b be ((-2)/(-3))/(((-64)/(-60))/8). Let u be (16/b)/(54/6345). Calculate the highest common divisor of 8 and u.
8
Let q = -89 - -93. Suppose 0 = 3*x + q*w - 189, 5*x = -0*x - w + 315. Calculate the highest common factor of 9 and x.
9
Let a = -758 - -1006. Suppose 2*g + r + 4*r = 124, 4*g + 3*r - a = 0. What is the highest common factor of 589 and g?
31
Let f(v) = 11*v**3 - 4*v**2 + 5*v - 10. Let g be f(3). Let t be (-4)/(-14) - (-98078)/g. What is the greatest common divisor of 41 and t?
41
Let z = 4496 - 4491. Let v be (-1)/(-4)*(4 + -8). Let t be -6 + 7 + (23 - v). What is the greatest common divisor of t and z?
5
Suppose -n = -5*o + 422, -4*o + 37*n + 342 = 34*n. What is the greatest common divisor of 154 and o?
14
Let h be 1902 + -17 + -28 + 23. Calculate the highest common factor of h and 800.
40
Let n = -31 - -18. Let q(z) = -2*z - 25. Let f be q(n). Calculate the greatest common divisor of f and 3.
1
Let t = 2095 - 1514. What is the highest common factor of t and 83?
83
Suppose -101510 = -189*a + 181234. Calculate the greatest common factor of 187 and a.
187
Let d(f) = -f**3 + 19*f**2 + 152*f - 56. Let s be d(24). What is the greatest common divisor of s and 16?
8
Let b be 2/(-4)*0 - -12. Suppose 0 = 9*r - 3*r - 126. Suppose 0 = -34*u + r*u + 26. What is the highest common factor of b and u?
2
Let p be ((-4)/(-8))/(1/32). Suppose 0 = -14*w + 19 - 103. Let o(k) = -22*k + 12. Let n be o(w). What is the highest common divisor of n and p?
16
Let l(w) = -1. Let t(j) = -13*j. Let n(k) = -2*l(k) + t(k). Let i be n(2). Let c be 2/8 - 18/i. Calculate the greatest common factor of 1 and c.
1
Let i(d) = d**3 - 8*d**2 + 13*d + 12. Suppose 2*a + 14 = 2*o, 2*o - 12 = 5*a - 4*a. Let z be i(o). What is the highest common factor of z and 22?
2
Let o(f) be the third derivative of 0 - 11/6*f**3 - 35/12*f**4 + 0*f + 9*f**2. Let j be o(-2). Calculate the greatest common factor of j and 43.
43
Let f(d) = 17*d - 1. Let p = 17 + -19. Let q be f(p). Let c = q + 49. What is the highest common divisor of 7 and c?
7
Suppose 0 = -4*c - 4*c + 576. Let f = -593 + 625. What is the greatest common divisor of f and c?
8
Suppose -4*i + 2*d = -3*i - 12, -5*i + 74 = 4*d. Let j be -4 + (156/i - 11/77). Suppose -12 + j = -f. What is the greatest common divisor of 3 and f?
1
Let s(u) = u**2 - 4*u - 3. Suppose 0 = -2*p + 13 - 3. Let i be s(p). Suppose -i*t + 40 = 3*t. What is the greatest common factor of 16 and t?
8
Suppose -63*q = -68*q